 -123. List the prime factors of i.
5
Let p(z) = z**2 + 26. Let v(i) = -i**3 - 8*i**2. Let l be v(-8). What are the prime factors of p(l)?
2, 13
Let m(s) = 6*s**2 + 4*s. List the prime factors of m(-4).
2, 5
Let w(j) = j**3 - 3*j + 4*j + 12*j - 10 - 12*j**2. List the prime factors of w(11).
2, 3
Let t(j) = j**3 + 7*j**2 - 2*j + 7. List the prime factors of t(-7).
3, 7
Let m(g) = g**3 - 6*g**2 - 6*g - 2. List the prime factors of m(7).
5
Suppose -7 = -r + 8. Let h = r - 9. List the prime factors of h.
2, 3
Let r = 7 - 9. Let n(d) = -5*d + 4. List the prime factors of n(r).
2, 7
Let c = 9 - 2. What are the prime factors of c?
7
Let y(o) = -o**2 + 5*o - 2. Let d be y(3). Suppose -5*a + s = -13, s - 4 = -d*a + 5*s. List the prime factors of a.
3
Suppose 2*n + n - h = 94, -158 = -5*n + 2*h. What are the prime factors of n?
2, 3, 5
Let w(o) = o**3 - 6*o**2 + 6*o. Let u = -8 + 13. List the prime factors of w(u).
5
Let d = -5 - -8. List the prime factors of d.
3
What are the prime factors of ((-42)/(-5))/((-6)/(-15))?
3, 7
Let h(l) = 2 + 118*l**2 + 0 - 119*l**2 + 5*l. List the prime factors of h(5).
2
Let k be ((-3)/(-2))/((-9)/(-6)). Let z(v) = 2*v**2 - 4*v + 1. Let c be z(3). Let y = c + k. List the prime factors of y.
2
Let u(z) = z**2 + 6. What are the prime factors of u(-3)?
3, 5
Suppose b + 8 = 75. List the prime factors of b.
67
Let a(d) = -d**3 - 6*d**2 + 12*d + 3. Let s(i) = -i**2 + 5*i + 6. Let q be s(7). List the prime factors of a(q).
5, 7
Let i(u) = -u**2 - u + 6. Suppose 0 = 2*y + 6, -5*y - 16 - 9 = -5*b. Suppose v = b*v. List the prime factors of i(v).
2, 3
Let i(w) = 2*w**2 - w + 1. Suppose z + 2*z = b, 5*b = -5*z + 20. List the prime factors of i(b).
2
Let o(n) = 1 - 90*n + 49*n**2 + 90*n. List the prime factors of o(-1).
2, 5
Suppose 261 = 2*x + 4*p + 31, 3*x - 295 = 4*p. List the prime factors of x.
3, 5, 7
Let h(g) = g**3 + 4*g**2 + g + 3. Let w be h(-3). What are the prime factors of 15/(3 - w/6)?
2, 5
Let d(c) = 2*c + 4. Let b = -11 - -8. Let y be d(b). What are the prime factors of 4/(-4) + (-22)/y?
2, 5
Let f = -491 - -63. What are the prime factors of f/(-28) + 2/(-7)?
3, 5
Suppose 3 = -s + 1. Let w(u) = -u**3 - 2*u**2 - u. Let b be w(s). Suppose 11 = 3*r + b. What are the prime factors of r?
3
Suppose -3*l + 4*l - 18 = 0. Let w be (l/(-4))/((-6)/8). List the prime factors of w/(-4)*(-40)/12.
5
Let s be -1*(-2 + 4) - -5. Let a(j) = -s + 9*j - 3 + 5. What are the prime factors of a(1)?
2
Let z(h) = -h**3 - 13*h**2 - 13*h + 15. Suppose 0*f = -5*f - 60. List the prime factors of z(f).
3
List the prime factors of (-300 - -2)*(-5 - (-45)/10).
149
Let b(x) be the first derivative of -x**2 + 9*x + 8. What are the prime factors of b(-13)?
5, 7
What are the prime factors of (-5 + -1)/3 + 31?
29
Let q be (4/(-5))/(2/(-5)). List the prime factors of 1 + 26 + (2 - q).
3
Let x be (-40)/(-12)*6/4. Suppose x*l - 15 = 2*l + 2*v, 3*v - 44 = -5*l. What are the prime factors of l?
7
Suppose 5*u - 2*k + k = 551, 2*u = 4*k + 206. List the prime factors of u.
3, 37
Suppose 9 = 3*j - 3. Let t = -3 - j. List the prime factors of -1 - (0 + t - -1).
5
Suppose 24 = 2*w + 4*n - 14, 5*n - 70 = -5*w. Let j = w - 2. List the prime factors of j.
7
Let r(j) = -j**3 + 8*j**2 - 8*j + 9. Let q = 5 - 3. Let h = 5 + q. List the prime factors of r(h).
2
Suppose 0 = g - 2*k - 4, 2*k - k = g - 3. Suppose 3*l = -5*d + 24, -3*d + 22 = 5*l - g. List the prime factors of d.
3
Suppose 0 = -7*m + 494 + 199. List the prime factors of m.
3, 11
Let p(a) = 4*a - 1. Let r be p(1). Suppose -6*x = -t - r*x + 17, -t = 3*x - 47. List the prime factors of t.
2
Suppose 6*x - 9*x + 51 = 0. What are the prime factors of x?
17
Let c be -2 - -3*(-2 + 4). Suppose 5*j - 21 - c = 0. Suppose -j*x = -18 - 22. List the prime factors of x.
2
List the prime factors of 295/20*(-4)/(-1).
59
Let h = 1 + 2. Let p = 10 + h. What are the prime factors of p?
13
List the prime factors of ((-26)/4 - 2)*(-5 - 1).
3, 17
Let k be (-4)/((-7)/5 + 1). Suppose -2*p + z + 15 = 0, -3*z + k = 4*p - z. What are the prime factors of p?
5
Let l = 35 - 21. Let x be (-2)/(-4) + (-133)/l. List the prime factors of (21*1)/(x/(-6)).
2, 7
Suppose 2*n = 2*l + 10, -4*n + 23 = -7*l + 2*l. List the prime factors of n/(1/6 - 0).
2, 3
Suppose 35 = -4*w + 155. Let g = -16 + w. What are the prime factors of g?
2, 7
Suppose 0*c - 5*c + 27 = t, -3*t = -2*c + 4. Suppose 0 = c*s - s - 8. What are the prime factors of s?
2
Suppose -3*m + 51 = -0*m. Suppose -20 = -5*v, -v + 78 = 3*u + m. What are the prime factors of u?
19
Let h = -21 - -12. List the prime factors of -1 + 2 + h/(-3).
2
Let i(c) = 7*c - 7. Let k be i(5). Let o(n) = n**3 - 6*n**2 + 2*n + 1. Let r be o(6). Let q = k - r. What are the prime factors of q?
3, 5
Suppose 0 = 2*o + 2*k - 686, -5*o + 2*k = -1227 - 523. What are the prime factors of o?
2, 3, 29
Suppose 3*g - 624 - 147 = 0. List the prime factors of g.
257
Suppose -5*f + 3*u = -385, -4*u + u = 0. List the prime factors of f.
7, 11
Suppose 5*d - 221 = -h - 55, 148 = h - 4*d. What are the prime factors of h/7 - (-2)/(-7)?
2, 11
What are the prime factors of 37/(5/(-3 - -8))?
37
Let f be -2 - (-15 + 3 + 1). List the prime factors of f + -1 - 4 - -37.
41
Suppose 0*q - 2*q - 52 = -3*u, u - 4*q - 24 = 0. List the prime factors of u.
2
Let i be (-2)/(-7) + (-99)/(-21). Suppose i*x - 4*x - 19 = 0. What are the prime factors of x?
19
Let q(o) = o**3 + 7*o**2 + 2*o + 2. Let j be q(-7). Let z be j/(-10)*265/2. List the prime factors of 2/6 - z/(-9).
2, 3
Suppose -3*n - 2*r + 6*r - 179 = 0, -4*n - 2*r - 268 = 0. Let j = n - -121. What are the prime factors of j?
2, 7
Let g = -165 - -241. List the prime factors of g.
2, 19
Let i(f) be the second derivative of f**3/2 - 15*f**2/2 + f. List the prime factors of i(10).
3, 5
Suppose 0 = -13*o + 8*o + 1055. List the prime factors of o.
211
Let f = 17 - 12. Suppose 11 = 3*m + 2*j, 2*j = f*m - 0*j - 13. List the prime factors of m.
3
Let t = 0 - 9. Let k be -2*t/6 + 2. Suppose 52 - 12 = k*b. List the prime factors of b.
2
Let m = -21 + 82. What are the prime factors of m?
61
Suppose 5*s - 4*q = 23, 0*s + 2*s = 4*q + 14. Suppose 239 = 4*k + s*h, -2*k + h = k - 176. What are the prime factors of k/5 + (-4)/(-20)?
2, 3
Suppose o = 167 - 2. What are the prime factors of o?
3, 5, 11
Let u(m) = m**3 + 8*m**2 - 7. List the prime factors of u(-6).
5, 13
Suppose 3*t + 16 = 2*k, -k - 2*t = 4*k - 2. Let r = k + 0. What are the prime factors of 23/r + 4/(-8)?
11
Let q = -66 - -145. What are the prime factors of q?
79
Suppose -n + 4*n - 9 = 0. Suppose -3*s + d - n*d = -6, -3*s + d = -6. Suppose -5*y + s*y = -24. List the prime factors of y.
2
Let n(s) be the second derivative of s**6/720 + s**4/6 - 2*s. Let v(j) be the third derivative of n(j). List the prime factors of v(6).
2, 3
Let s be (-57)/(-18) - 1/6. What are the prime factors of 1/(s - 59/20)?
2, 5
Suppose -2*n - 90 = -4*n. Let h = n - 30. List the prime factors of h.
3, 5
Let d = -18 - -71. List the prime factors of d.
53
Let f(v) = 3*v + 1 - 9 - v**3 + 9*v + 6*v**2 - v. List the prime factors of f(7).
2, 5
Suppose 239 = 3*o - 25. What are the prime factors of o?
2, 11
Let c be 32/3 - 2/(-6). Let s = -16 + 23. Let r = c - s. What are the prime factors of r?
2
Suppose 2*j + 0*j = 614. List the prime factors of j.
307
Let y(f) = f**3 + 2*f**2 + f + 2. Let t be y(-2). What are the prime factors of t + 16 + (2 - 3)?
3, 5
Let o be -1 - (-1 + 0) - -7. Suppose -3*b - 52 = -o*b. Suppose -4*p - b = -2*c - 47, -2 = -2*p - 4*c. What are the prime factors of p?
7
Let f be (-2)/(1*2/(-105)). Suppose -4*t + 20 = 0, -4*l + l = -3*t - f. List the prime factors of l.
2, 5
Suppose -412 + 22 = -15*l. What are the prime factors of l?
2, 13
Let o be (12/7)/(2/28). Suppose o = 3*l - 27. List the prime factors of l.
17
Suppose 136 = 3*j - h, -38 = 2*j - 5*h - 146. Suppose -2*x = -2*k - j, 4*x + 3*k - 82 = 5*k. Suppose x = 3*p - 5. What are the prime factors of p?
2
Let c = 21 - 18. Suppose -3*h + 0*h - c*l + 138 = 0, -3*l = -12. What are the prime factors of h?
2, 3, 7
What are the prime factors of 7/(((-35)/(-40))/7)?
2, 7
Let r(u) = -u**2 + 11*u + 11. Let z(o) = -2*o + 16. Let t be z(11). Let s(d) = -d + 5. Let k be s(t). What are the prime factors of r(